j and 26.
13
Let a(x) = -1 - 2*x + x + 6. Let g be a(0). What is the greatest common divisor of 10 and g?
5
Suppose 0 = -0*j - 2*j. Suppose 5*h - 3*b - 23 = j, 8 = b + 4. What is the greatest common factor of h and 7?
7
Suppose w = -3*w + 96. Suppose 5*g + 2*l - w - 12 = 0, -15 = -2*g - l. Let q be 11 + -10 - (1 - 9). Calculate the highest common divisor of g and q.
3
Let t be 6/(-21) - 192/14. Let h = -7 - t. Calculate the highest common factor of h and 35.
7
Let m = 37 - 19. What is the highest common divisor of m and 36?
18
Let u be 381/3 + 3 - 2. Suppose -4*y + 124 = -4*r, 5*y + 2*r + 2*r = u. Calculate the greatest common factor of y and 7.
7
Let h = 55 + -29. Calculate the highest common factor of 208 and h.
26
Let p(h) = 4*h - 12. Let u be p(6). What is the greatest common factor of u and 48?
12
Let j = -19 + 23. Suppose 0*m - m + 6 = 0. Let w = m - j. What is the highest common divisor of w and 5?
1
Suppose 0 = -3*h - d + 85 - 21, 5*h - 3*d - 88 = 0. Let o = 39 - h. What is the greatest common factor of 133 and o?
19
Let f(o) = o**2 - 4. Let p be f(3). Suppose 0*a - 165 = -p*a. Let s = 2 + 1. Calculate the greatest common factor of a and s.
3
Let d(r) = -r**3 - 7*r**2 - 6*r + 2. Let q be d(-6). Suppose 4*m - q*y = 320, -2*m - 3*y - 400 = -7*m. What is the greatest common divisor of 10 and m?
10
Let d be 3/(-15)*5/(-1). Let v(m) = 103*m + 2. Let y be v(d). What is the highest common factor of 15 and y?
15
Let m = 4 - 7. Let g be m*2*(-12)/9. Suppose t + t - i - 26 = 0, 4*i = -g. What is the greatest common factor of t and 24?
12
Suppose 1 = 3*v - 2. Let h be (3 - v)/(4/10). Let c = 13 - h. Calculate the greatest common divisor of c and 1.
1
Suppose -2*f + 228 = 2*f. Calculate the highest common divisor of 19 and f.
19
Suppose 3*q - 43 = -5*o, 4*o + 3*q + 9 = 44. What is the greatest common factor of 16 and o?
8
Let y be (-4 - -12) + (1 - -1). Suppose -3*v + m + 11 = 0, m + 1 = -v + y. Suppose -203 + 78 = -5*f. What is the greatest common factor of f and v?
5
Suppose -5*c - 4*i = -49, 2*c - 47 = -3*c - 2*i. Let r(u) = -3*u - 9. Let l be r(-6). Calculate the greatest common factor of l and c.
9
Suppose -22*q + 3808 = -8*q. Calculate the highest common divisor of q and 34.
34
Let q(z) = 7*z**3 - 5*z**2 + 3*z + 4. Let x be q(4). What is the greatest common divisor of 24 and x?
24
Suppose 240 = -111*f + 115*f. Let n(l) = l**3 - l**2 - 3. Let m be n(3). What is the greatest common factor of f and m?
15
Let m = 324 + -172. Let n(p) = 3*p**2 + 3*p + 1. Let r be n(-3). What is the highest common factor of m and r?
19
Suppose 0*h - h + 2 = 0. Suppose -5*q = h*k - 120, -3*k = q - 9 - 2. What is the highest common divisor of q and 39?
13
Suppose 0*c = -c + 84. What is the greatest common factor of 12 and c?
12
Let h be 9 + 1 + (-13 - -17). What is the highest common divisor of 14 and h?
14
Let y be (-8)/(-6)*(-2 - -5). Calculate the greatest common divisor of y and 4.
4
Suppose -3*q = 4*g - 0*q - 14, 5*g = 5*q. What is the greatest common factor of 16 and g?
2
Let h = -22 - -61. Let d = -2 - -7. Suppose -d*k + 65 = -0*k. What is the highest common divisor of k and h?
13
Let f be 9/(-18) + (-990)/(-4). Calculate the greatest common factor of f and 13.
13
Suppose 7*d + 63 = 245. What is the highest common factor of d and 26?
26
Let v be ((-4)/8)/((-3)/30). Calculate the highest common factor of 1 and v.
1
Let h be (35/(-21))/((-10)/36). Let v be 1*2*(-10)/(-4). Suppose 0 = 5*f - 0 + v, 4*f + 196 = 4*r. Calculate the greatest common divisor of h and r.
6
Suppose 0 = 4*s - 3*s - 9. Let t = 12 - s. Calculate the highest common factor of t and 1.
1
Suppose -4*i = -7 - 9. Suppose 344 = 3*w + i*t, 335 = 4*w - 4*t - 77. What is the highest common divisor of w and 12?
12
Let p be (-4)/(-18) + ((-125)/(-45) - 1). Calculate the highest common divisor of p and 4.
2
Let i(g) = 3*g - 6*g - 9*g. Let d be i(-3). Suppose 0 = -5*u + 136 + 134. What is the highest common divisor of d and u?
18
Suppose 2*r - 144 = 3*b, -2*r + r = -2*b - 72. Suppose -j - r = -4*j. What is the highest common divisor of j and 3?
3
Let c = -28 - -63. Suppose -2 = 3*g + 1, 2*q = -5*g + 23. What is the greatest common divisor of q and c?
7
Suppose -5*o + x = -20, -o = -6*o + 5*x + 40. Suppose -91 = -5*z - o*y, -3*z - y + 32 + 25 = 0. What is the greatest common divisor of 30 and z?
10
Let h be 2/3 + 455/15. What is the greatest common factor of h and 155?
31
Suppose 0 = -3*o + 2 + 4. Let l be (-4 + o)*(-1)/2. Calculate the greatest common divisor of l and 2.
1
Let p be 81/6 - (-6)/12. What is the greatest common divisor of 35 and p?
7
Let v = 4 - 20. Let k = v + 23. Let j = -68 + 117. What is the highest common divisor of j and k?
7
Let h be (2 + 0)/(-2)*-91. Let w = 2 + 0. Suppose 26 = 4*s - w*s. What is the highest common factor of s and h?
13
Let i(j) = -j**2 - 7*j + 4. Suppose 2 = -3*r - 19. Let q be i(r). Suppose -s = 2*k - 61, 3*s + 0*s + 117 = q*k. What is the greatest common divisor of 75 and k?
15
Let i(w) = -2*w + 15. Let d be i(-10). Calculate the greatest common factor of 7 and d.
7
Let d be (-237)/(-2) + (-4)/(-8). Suppose -b - 3*b - 144 = 4*k, 132 = -4*b + 2*k. Let s be (b/3)/((-6)/9). What is the highest common factor of d and s?
17
Let r = -5 + 14. Let z = 40 - 22. Calculate the highest common factor of z and r.
9
Let o = 163 - 97. What is the highest common factor of o and 6?
6
Let x(m) = -m**3 + m. Let p be x(1). Let k(t) = 2*t**2 - 2*t - 1. Let y be k(2). Suppose p = -2*h + y - 1. Calculate the highest common divisor of h and 4.
1
Let w = 41 + -23. What is the highest common divisor of 162 and w?
18
Suppose 7*q - 506 = 5*q. What is the greatest common factor of 23 and q?
23
Let n = -12 + 6. Let g(l) = -l**3 - 6*l**2 - 2*l. Let v be g(n). Let o be 4/(0 + 5/15). Calculate the highest common factor of v and o.
12
Let g be 10 - (3 + -7 - -4). Calculate the greatest common factor of g and 25.
5
Let i(q) = -q**3 - q**2 - 8*q - 5. Let p be i(-5). Let s = -18 + 33. What is the highest common factor of p and s?
15
Suppose 2*g = -3*v + 27, -v + 3*g - 18 = -3*v. Let o = 344 + -194. Suppose o + 102 = 4*z. What is the greatest common factor of z and v?
9
Let i(u) = -u + 8. Suppose 0*f = -4*f + 28. Let w be i(f). What is the greatest common divisor of w and 11?
1
Let v be 81/12 - 15/20. Calculate the greatest common divisor of 54 and v.
6
Let a(u) = -25*u - 26. Let t be a(-5). Calculate the highest common divisor of t and 33.
33
Let x(w) = -w**2 - 6*w - 1. Let s be x(-5). Let a = -20 + 24. Suppose a*c - 23 = 5*i + 18, -s*i = -4*c + 36. What is the greatest common factor of 10 and c?
2
Let q be (-573)/(-9) - (-2)/6. Let p = 25 - 17. Calculate the greatest common divisor of p and q.
8
Let i be (-2)/(-14) + (-125)/(-7). Let q = -13 - -19. What is the greatest common divisor of i and q?
6
Let s(m) = -m**2 - 5*m + 8. Suppose 3 = -2*b - 9. Let w be s(b). What is the highest common divisor of 3 and w?
1
Suppose 0 = 3*k + 2*k - 15. Let p(z) = 3*z - 4. Let j be p(k). Suppose -2*c - 24 = -j*c. What is the greatest common divisor of 40 and c?
8
Suppose 0 = -2*j + 2*h - 4, 2*j - j + h = 8. Calculate the highest common factor of j and 15.
3
Let r(x) = -3*x**2 + x. Let o be r(1). Let v(c) = -13*c - 4. Let q be v(o). Calculate the highest common divisor of q and 154.
22
Let k be ((-12)/(-8))/((-6)/(-4)). What is the highest common factor of 2 and k?
1
Let n(y) = 2*y - 6. Let o be n(15). What is the greatest common divisor of o and 12?
12
Let c(b) = b**2 + b. Let o be c(3). Calculate the highest common factor of 12 and o.
12
Suppose 760 = 7*f - 2*f. Let b = f + -8. What is the highest common divisor of b and 16?
16
Let a be (-3)/15 - (-22)/10. Let n = 10 - a. What is the greatest common factor of n and 40?
8
Let d = 6 + -4. Suppose n = d*n - 3. Suppose 4*c + 12 = 5*c. Calculate the greatest common factor of n and c.
3
Suppose 0*x = -3*x + 3. Let r(f) = 13*f**2 + 1. Let p be r(x). Let y be (-36)/(-15) - (-4)/(-10). What is the greatest common divisor of p and y?
2
Let i = 8 + 13. Suppose 6*q - 2*q = 464. Suppose -4*f = -0*t + 3*t - 106, -q = -3*t - 2*f. What is the greatest common divisor of t and i?
21
Let b be 1*-11*(2 + -3). Let z = b - 5. Let c be 3/(-15) + 31/5. What is the highest common fact